 is the remainder when 354 is divided by 31?
13
Calculate the remainder when 559 is divided by 273.
13
Calculate the remainder when 334 is divided by 114.
106
Calculate the remainder when 359 is divided by 61.
54
Calculate the remainder when 91 is divided by 37.
17
What is the remainder when 196 is divided by 167?
29
What is the remainder when 2898 is divided by 29?
27
Calculate the remainder when 529 is divided by 103.
14
What is the remainder when 1480 is divided by 78?
76
What is the remainder when 15010 is divided by 18?
16
What is the remainder when 571 is divided by 82?
79
Calculate the remainder when 1675 is divided by 24.
19
What is the remainder when 81 is divided by 68?
13
What is the remainder when 1498 is divided by 20?
18
Calculate the remainder when 3160 is divided by 292.
240
Calculate the remainder when 91 is divided by 47.
44
Calculate the remainder when 995 is divided by 29.
9
What is the remainder when 663 is divided by 15?
3
Calculate the remainder when 351 is divided by 90.
81
Calculate the remainder when 848 is divided by 238.
134
What is the remainder when 132 is divided by 37?
21
Calculate the remainder when 251 is divided by 99.
53
What is the remainder when 53 is divided by 25?
3
Calculate the remainder when 524 is divided by 169.
17
Calculate the remainder when 725 is divided by 146.
141
Calculate the remainder when 373 is divided by 25.
23
What is the remainder when 200 is divided by 79?
42
What is the remainder when 8442 is divided by 32?
26
What is the remainder when 227 is divided by 161?
66
Calculate the remainder when 21594 is divided by 7.
6
What is the remainder when 1695 is divided by 23?
16
Calculate the remainder when 147 is divided by 51.
45
What is the remainder when 312 is divided by 204?
108
What is the remainder when 62 is divided by 38?
24
What is the remainder when 144 is divided by 110?
34
Calculate the remainder when 3401 is divided by 1129.
14
What is the remainder when 73 is divided by 25?
23
Calculate the remainder when 62 is divided by 40.
22
Calculate the remainder when 1633 is divided by 214.
135
Calculate the remainder when 614 is divided by 14.
12
What is the remainder when 452 is divided by 71?
26
What is the remainder when 718 is divided by 8?
6
Calculate the remainder when 38 is divided by 1.
0
Calculate the remainder when 4433 is divided by 51.
47
What is the remainder when 618 is divided by 27?
24
What is the remainder when 599 is divided by 30?
29
Calculate the remainder when 164 is divided by 48.
20
What is the remainder when 1349 is divided by 150?
149
What is the remainder when 482 is divided by 27?
23
Calculate the remainder when 607 is divided by 20.
7
What is the remainder when 200 is divided by 34?
30
What is the remainder when 184 is divided by 64?
56
Calculate the remainder when 279 is divided by 28.
27
What is the remainder when 210 is divided by 67?
9
What is the remainder when 64 is divided by 36?
28
Calculate the remainder when 5698 is divided by 6.
4
What is the remainder when 1517 is divided by 33?
32
What is the remainder when 28 is divided by 15?
13
Calculate the remainder when 225 is divided by 28.
1
What is the remainder when 927 is divided by 31?
28
Calculate the remainder when 1009 is divided by 44.
41
Calculate the remainder when 539 is divided by 266.
7
What is the remainder when 1204 is divided by 118?
24
Calculate the remainder when 449 is divided by 50.
49
Calculate the remainder when 1474 is divided by 66.
22
What is the remainder when 341 is divided by 27?
17
What is the remainder when 190 is divided by 49?
43
What is the remainder when 301 is divided by 120?
61
What is the remainder when 32 is divided by 8?
0
Calculate the remainder when 262 is divided by 18.
10
What is the remainder when 83 is divided by 3?
2
Calculate the remainder when 687 is divided by 23.
20
Calculate the remainder when 1622 is divided by 270.
2
Calculate the remainder when 260 is divided by 53.
48
What is the remainder when 325 is divided by 108?
1
What is the remainder when 205 is divided by 30?
25
What is the remainder when 93 is divided by 88?
5
What is the remainder when 166 is divided by 12?
10
Calculate the remainder when 384 is divided by 361.
23
What is the remainder when 564 is divided by 19?
13
Calculate the remainder when 92 is divided by 19.
16
What is the remainder when 1207 is divided by 174?
163
What is the remainder when 154 is divided by 9?
1
Calculate the remainder when 33 is divided by 10.
3
Calculate the remainder when 3381 is divided by 141.
138
Calculate the remainder when 117 is divided by 48.
21
What is the remainder when 7588 is divided by 110?
108
What is the remainder when 795 is divided by 38?
35
What is the remainder when 625 is divided by 30?
25
What is the remainder when 21619 is divided by 10?
9
What is the remainder when 477 is divided by 80?
77
Calculate the remainder when 166 is divided by 47.
25
Calculate the remainder when 1726 is divided by 189.
25
What is the remainder when 8021 is divided by 22?
13
What is the remainder when 96 is divided by 26?
18
What is the remainder when 200 is divided by 52?
44
What is the remainder when 5500 is divided by 16?
12
What is the remainder when 350 is divided by 119?
112
What is the remainder when 407 is divided by 382?
25
Calculate the remainder when 205 is divided by 96.
13
What is the remainder when 148 is divided by 52?
44
Calculate the remainder when 862 is divided by 18.
16
What is the remainder when 1156 is divided by 101?
45
What is the remainder when 127 is divided by 121?
6
Calculate the remainder when 580 is divided by 49.
41
Calculate the remainder when 2568 is divided by 13.
7
Calculate the remainder when 522 is divided by 254.
14
Calculate the remainder when 4064 is divided by 15.
14
Calculate the remainder when 989 is divided by 66.
65
Calculate the remainder when 4222 is divided by 18.
10
What is the remainder when 153 is divided by 37?
5
Calculate the remainder when 256 is divided by 76.
28
What is the remainder when 1679 is divided by 4?
3
What is the remainder when 181 is divided by 23?
20
Calculate the remainder when 141 is divided by 35.
1
Calculate the remainder when 113 is divided by 51.
11
Calculate the remainder when 64 is divided by 24.
16
What is the remainder when 123 is divided by 60?
3
What is the remainder when 71 is divided by 11?
5
What is the remainder when 1964 is divided by 241?
36
Calculate the remainder when 187 is divided by 62.
1
What is the remainder when 2139 is divided by 534?
3
Calculate the remainder when 6 is divided by 6.
0
What is the remainder when 62 is divided by 18?
8
Calculate the remainder when 1029 is divided by 86.
83
What is the remainder when 85 is divided by 27?
4
What is the remainder when 95 is divided by 16?
15
Calculate the remainder when 445 is divided by 109.
9
What is the remainder when 1525 is divided by 139?
135
What is the remainder when 856 is divided by 123?
118
What is the remainder when 816 is divided by 5?
1
What is the remainder when 550 is divided by 15?
10
What is the remainder when 2199 is divided by 25?
24
What is the remainder when 2516 is divided by 56?
52
What is the remainder when 541 is divided by 155?
76
What is the remainder when 206 is divided by 54?
44
Calculate the remainder when 136 is divided by 36.
28
Calculate the remainder when 86 is divided by 38.
10
Calculate the remainder when 1437 is divided by 287.
2
What is the remainder when 275 is divided by 28?
23
What is the remainder when 9059 is divided by 35?
29
What is the remainder when 563 is divided by 173?
44
Calculate the remainder when 630 is divided by 8.
6
What is the remainder when 226 is divided by 38?
36
What is the remainder when 8109 is divided by 133?
129
What is the remainder when 589 is divided by 73?
5
Calculate the remainder when 366 is divided by 17.
9
What is the remainder when 388 is divided by 34?
14
Calculate the remainder when 1298 is divided by 1290.
8
What is the remainder when 256 is divided by 77?
25
Calculate the remainder when 670 is divided by 22.
10
Calculate the remainder when 71 is divided by 40.
31
What is the remainder when 2514 is divided by 24?
18
Calculate the remainder when 6035 is divided by 183.
179
Calculate the remainder w